 + 1. Suppose -16*g + c*g = -20. Let y = 8 - g. What is the units digit of y?
8
Suppose -4*g = -2*f + 10116, g = -2*f - 3*f + 25268. What is the hundreds digit of f?
0
Suppose 3*f + 16 = 5*t, -4*f + 52 = -160*t + 168*t. Let y = -1 - -3. Suppose -4*v + 2*o = -1086, -y*v + 552 = o - t*o. What is the hundreds digit of v?
2
What is the thousands digit of (-18)/45*(-15610 + 5)?
6
Let f = 32752 + -10695. What is the ten thousands digit of f?
2
Let s(n) = 1764*n - 1043. What is the hundreds digit of s(16)?
1
Let s(c) = 47 - 17 + 8*c - 21*c. Suppose -8*r - 700 = -652. What is the tens digit of s(r)?
0
Let t(r) = 8*r**3 + 2*r**2 - 2. Let q = -38 - -42. Suppose -w + 0 + q = -2*z, -3*w + 4 = 2*z. What is the tens digit of t(w)?
7
Let b(l) = 53*l - 93. Let r be b(15). Suppose r = d - 3*t, -14*d + 9*d + 5*t + 3460 = 0. What is the units digit of d?
7
Let d(s) = -2*s**3 - 9*s**2 - 6*s + 11. Let b be d(-3). Suppose 0 = -3*n + 5*x + 4031 - 281, -2*n + b*x = -2496. What is the tens digit of n?
4
Let t be 39 + 5/(-10)*8. What is the units digit of 26/4*-5*(-42)/t?
9
Let r(x) be the second derivative of 5*x**3/6 - 12*x**2 + 67*x. What is the tens digit of r(13)?
4
Let n be 0 + -76*3/(-3). Suppose -p + 37 = 2*u, -28*u + 30*u + 37 = p. Let o = n - p. What is the units digit of o?
9
Suppose -5*c = -4*z - 28, 3*z - 4*c = -3*c - 21. Let w(q) be the first derivative of -2*q**2 - 9*q + 17. What is the tens digit of w(z)?
1
Suppose -2*c = -3*m + 1, 4*m + 2*c - 3 = 3*m. Suppose 7*p = 8 - m. What is the tens digit of (-1 - p) + (29 - 2)?
2
Let j(c) = -67*c - 28. Let u be j(-3). Suppose 3*x - u = 1141. What is the units digit of x?
8
Let q = 23837 + 33201. What is the ten thousands digit of q?
5
Suppose 5*o - 38*u + 33*u = 44530, -44530 = -5*o + u. What is the hundreds digit of o?
9
Suppose 31189 = 2*f - 3*l, -265133 = -16*f - f - l. What is the tens digit of f?
9
Suppose 4*p - 5*z - 46 = 168, -4*z = p - 64. Let c = -54 + p. Suppose 5*n + t - 412 = -25, 312 = 4*n + c*t. What is the tens digit of n?
7
Let q(t) = t**3 + 14*t**2 + 12*t - 5. Let y be q(-13). Suppose -y*z + 1563 + 4325 = 0. What is the units digit of z?
6
Suppose 0 = 4*t - 2*p - p - 19802, -4*t + 19800 = -4*p. What is the thousands digit of t?
4
Suppose -4*c - 2*x + 15 = 1, -3*c + 3*x + 6 = 0. Suppose 5*o - 5*d + 1298 = -7*d, -c*o - 3*d = 777. What is the units digit of (3 + -2)/(2 - o/(-132))?
3
Let r(n) = -9*n - 18. Let f be ((-1)/2)/((-17)/1054). Let o = f + -40. What is the tens digit of r(o)?
6
Let o be (3*163)/1 + -29 + 34. Let l = o + 181. What is the tens digit of l?
7
Suppose 8*s = 13*s + 40. Let k(p) = -p**2 - 9*p - 12. Let u be k(s). Let c(v) = v**2 - 4*v + 3. What is the units digit of c(u)?
5
Suppose 0 = 25*g - 22*g - 306*g + 4700136. What is the thousands digit of g?
5
Let v be (12/(-10))/(1 + (-55)/50). Suppose -5*a + 2*m - 9 = 0, -5*m = 5*a - 6*a + v. What is the units digit of -8 + 10 + a + 2?
1
Let m = -3589 + 12646. What is the hundreds digit of m?
0
Let j = -243 - -243. Let l(a) = 2*a + 63. What is the units digit of l(j)?
3
Let d = -1168 + 1558. What is the hundreds digit of d?
3
Suppose -4*q + 53230 = -93*i + 98*i, -3*q = 3*i - 39924. What is the units digit of q?
0
Suppose 1 - 16 = -5*r, -4*r - 3 = -5*f. Let n(q) = 9*q**2 + 12*q - 70. Let k be n(6). Suppose u = -2*u + 3*b + 342, k = f*u + b. What is the tens digit of u?
1
Let t be 5/(-10)*0 + -31 + -2. What is the hundreds digit of 7/(-77) - 14622/t?
4
Let h = -10 + 60. Let u = h - 47. Suppose i + 140 = c, 0 = -4*c - u*i + 341 + 191. What is the units digit of c?
6
Let l(m) = 46*m**3 - 114*m**2 - 41*m + 14. What is the thousands digit of l(6)?
5
What is the units digit of 3/(-4) + 10/(40/71323) + 4?
4
Let n = -27425 - -52402. What is the tens digit of n?
7
Suppose 0 = 891*l - 845*l - 397302. What is the hundreds digit of l?
6
Let d be 6/((-2)/8*6). Let n be 42 - (2 + (-7 - -3 - d)). What is the tens digit of 5552/n + 1/5 + 0?
3
What is the thousands digit of (3717/(-118))/(2/(-2388))?
7
Let v(q) = -2*q**3 + 5*q**2 - 6*q + 17. What is the units digit of v(-18)?
9
Let w(z) = z**2 + z - 2. Let o(k) = 4*k**2 - 32*k + 12. Let y(x) = -o(x) + 3*w(x). What is the tens digit of y(33)?
4
Suppose 3*u - 3 = 3*r, 2*u = -3*r - 1 - 2. Let k be r/(-5) - 10815/75. What is the units digit of (-4)/2 - k - (1 - 0)?
1
Let y(i) = i**3 - 12*i**2 - 9*i - 17. Let k be y(12). Let f = -206 - k. Let m = 137 + f. What is the tens digit of m?
5
Let x = -905 + 1491. What is the units digit of x?
6
Suppose -1035 = -15*k + 6*k. Suppose -5*p = -30 + k. Let y(m) = m**3 + 19*m**2 + 25*m + 1. What is the tens digit of y(p)?
5
Let y = 3329 + -1724. What is the units digit of y?
5
Let n(w) = 25*w - 483. What is the hundreds digit of n(89)?
7
Let f = 1393 - 1385. Let x(k) = 3*k**2 - 24*k - 1. Let m(a) = a. Let u(i) = 6*m(i) + x(i). What is the tens digit of u(f)?
4
Suppose 0 = -5*d + 5*g + 75, 3*g + 65 = d + 4*d. Suppose 14*w = d*w - 12. What is the units digit of 2/8*w - 1674/(-24)?
9
Let l(w) = w**2 - 6*w + 10. Let y be l(5). Suppose 0 = y*s - 242 - 328. Suppose 3*h - 81 - s = 0. What is the units digit of h?
5
Suppose 24*g = 140*g - 691128. What is the thousands digit of g?
5
Suppose -h + 61 = -3*g, 57 = h + g - 0*g. Let d = -15 + h. Let w = -26 + d. What is the units digit of w?
7
Let i be 33472/(-20) + (-3)/(-5). Let h = -902 - i. What is the hundreds digit of h?
7
Suppose 0 = -3*c - 4*h - 119, 5 - 13 = 4*h. Let r(g) = 2*g**3 + 73*g**2 - 41*g + 71. What is the hundreds digit of r(c)?
2
What is the ten thousands digit of ((-1260)/(-56))/(0 - 6/(-7184))?
2
Let s = -2986 + 6066. What is the tens digit of s?
8
Let p = 1951 - 870. What is the units digit of p?
1
Suppose 66*f + 940318 = 88*f + 109*f. What is the tens digit of f?
7
Suppose 16*v = 19*v + 3*z - 3498, 2*v = 2*z + 2320. What is the units digit of v?
3
Let q(z) = -5*z**3 + z**2 + 6*z - 38. Let x(m) = -4*m**3 + m**2 + 5*m - 38. Suppose -p + 12*p = 33. Let a(u) = p*q(u) - 4*x(u). What is the tens digit of a(0)?
3
Suppose 0 = m + 1, 2*z - 6*z - 3*m + 32029 = 0. What is the thousands digit of z?
8
Let a(l) = l**2 - 11*l + 177. Let r(p) = 3*p**2 - 32*p + 531. Let b(y) = 7*a(y) - 2*r(y). What is the tens digit of b(-21)?
9
Let j(m) = 5*m**3 - 9*m - 9. Let p be j(6). Suppose 2*l - p = -2*n - 3*l, -2568 = -5*n - 4*l. What is the units digit of n?
6
Let j = -1329 + 2458. What is the hundreds digit of (j*1)/(85 - 84)?
1
Suppose -1260 = -19*b - 14*b + 3*b. What is the units digit of b?
2
Suppose 447 + 1911 = 2*j. Let d be j/(-12) - (-2)/8. What is the units digit of (-8358)/d - 2/7?
5
Let z(v) = 55*v**2 - 10*v - 791. What is the thousands digit of z(-26)?
6
Let g be (4/14)/(-2 + (-30)/(-14)). Suppose -g*a - 3*v + 72 = 536, 454 = -2*a + 2*v. Let o = a + 323. What is the tens digit of o?
9
Suppose -f - r - 3 = -4*f, 3*r = -5*f - 9. Suppose -26*l - 9*l + 245 = f. What is the units digit of l?
7
Suppose -48*m + v = -46*m - 3307, 3*m + 4*v = 4933. What is the thousands digit of m?
1
Suppose 2*l - 59931 = 5*g, 2*l - 4*g - 25090 - 34836 = 0. What is the thousands digit of l?
9
Let u be (10 - 52)*27/(-6). Let y = u + 136. What is the units digit of y?
5
Suppose 3*y + 748 = 4*v, -10 = 79*v - 77*v. What is the tens digit of (1/(-1) - y)/((-19)/(-133))?
8
Let t(k) = 3*k**2 - 3*k + 1. Let v be t(2). What is the tens digit of 222 + v + 0 + -2 - -3?
3
Let a(l) = -6*l**2 - l**3 - 5*l + l**2 - 2*l**2 - 7. Let t be a(-7). What is the units digit of (-4)/t + 2272/28?
1
Suppose 1601 = 4*v + c, 15*c - 2 = 13*c. Suppose -b = -q - 3*q + 806, -b = 2*q - v. What is the hundreds digit of q?
2
Let p = -130013 - -219042. What is the tens digit of p?
2
Suppose 16*a + 15*a - 22*a = 86139. What is the tens digit of a?
7
Let v = 122 - 232. Suppose 0 = -139*h + 16378 - 4424. What is the units digit of v/22 + 0 + h?
1
Suppose 2069 - 2165 = 4*w. Let z = -52 - -80. Let c = z + w. What is the units digit of c?
4
Let w be 8/((-18)/36*(1 + -2)). Let k(l) = -l**2 + 33*l - 10. What is the hundreds digit of k(w)?
2
Let i be 16/(-2)*((-75)/5 - 0). Suppose 12*p = 8*p + i. Suppose 0 = -3*n + p + 69. What is the tens digit of n?
3
Let s be (10*(-144)/(-40))/(-2). What is the hundreds digit of (-1140)/(-1 + -1)*s/(-15)?
6
Let j be (-1 - 4/(-8)) + 9/2. Let i be j/(12/(-